{"version":"1.0","provider_name":"Van Berkom - Gestion mondiale d&#039;actifs","provider_url":"https:\/\/vanberkomglobal.com\/fr\/","author_name":"Aurelia","author_url":"https:\/\/vanberkomglobal.com\/fr\/author\/aureliacorneliac\/","title":"Le rachat d'actions, c'est pour vous? - Van Berkom - Gestion mondiale d&#039;actifs","type":"rich","width":600,"height":338,"html":"<blockquote class=\"wp-embedded-content\" data-secret=\"6NHfdJv2qO\"><a href=\"https:\/\/vanberkomglobal.com\/fr\/news\/rachat-dactions\/\">Le rachat d&rsquo;actions, <p>c&rsquo;est pour vous?<\/a><\/blockquote><iframe sandbox=\"allow-scripts\" security=\"restricted\" src=\"https:\/\/vanberkomglobal.com\/fr\/news\/rachat-dactions\/embed\/#?secret=6NHfdJv2qO\" width=\"600\" height=\"338\" title=\"\u00ab\u00a0Le rachat d&rsquo;actions, &lt;p&gt;c&rsquo;est pour vous?\u00a0\u00bb &#8212; Van Berkom - Gestion mondiale d&#039;actifs\" data-secret=\"6NHfdJv2qO\" frameborder=\"0\" marginwidth=\"0\" marginheight=\"0\" scrolling=\"no\" class=\"wp-embedded-content\"><\/iframe><script type=\"text\/javascript\">\n\/* <![CDATA[ *\/\n\/*! This file is auto-generated *\/\n!function(d,l){\"use strict\";l.querySelector&&d.addEventListener&&\"undefined\"!=typeof URL&&(d.wp=d.wp||{},d.wp.receiveEmbedMessage||(d.wp.receiveEmbedMessage=function(e){var t=e.data;if((t||t.secret||t.message||t.value)&&!\/[^a-zA-Z0-9]\/.test(t.secret)){for(var s,r,n,a=l.querySelectorAll('iframe[data-secret=\"'+t.secret+'\"]'),o=l.querySelectorAll('blockquote[data-secret=\"'+t.secret+'\"]'),c=new RegExp(\"^https?:$\",\"i\"),i=0;i<o.length;i++)o[i].style.display=\"none\";for(i=0;i<a.length;i++)s=a[i],e.source===s.contentWindow&&(s.removeAttribute(\"style\"),\"height\"===t.message?(1e3<(r=parseInt(t.value,10))?r=1e3:~~r<200&&(r=200),s.height=r):\"link\"===t.message&&(r=new URL(s.getAttribute(\"src\")),n=new URL(t.value),c.test(n.protocol))&&n.host===r.host&&l.activeElement===s&&(d.top.location.href=t.value))}},d.addEventListener(\"message\",d.wp.receiveEmbedMessage,!1),l.addEventListener(\"DOMContentLoaded\",function(){for(var e,t,s=l.querySelectorAll(\"iframe.wp-embedded-content\"),r=0;r<s.length;r++)(t=(e=s[r]).getAttribute(\"data-secret\"))||(t=Math.random().toString(36).substring(2,12),e.src+=\"#?secret=\"+t,e.setAttribute(\"data-secret\",t)),e.contentWindow.postMessage({message:\"ready\",secret:t},\"*\")},!1)))}(window,document);\n\/* ]]> *\/\n<\/script>\n","thumbnail_url":"https:\/\/vanberkomglobal.com\/wp-content\/uploads\/2025\/06\/GBP-journal-de-mtl-1024x528.png","thumbnail_width":1024,"thumbnail_height":528,"description":"Notre gestionnaire principal de portefeuille pour les actions canadiennes \u00e0 petite capitalisation a partag\u00e9 son avis au Journal de Montr\u00e9al sur une pratique financi\u00e8re courante."}

Notre gestionnaire principal de portefeuille pour les actions canadiennes à petite capitalisation a partagé son avis au Journal de Montréal sur une pratique financière courante.
